{"id":186,"date":"2020-11-24T18:27:11","date_gmt":"2020-11-24T17:27:11","guid":{"rendered":"http:\/\/www.espai-marx.net\/academia\/index.php\/forum\/"},"modified":"2023-03-31T22:33:02","modified_gmt":"2023-03-31T20:33:02","slug":"forum","status":"publish","type":"page","link":"https:\/\/www.espai-marx.net\/academia\/index.php\/forum\/","title":{"rendered":"Foro"},"content":{"rendered":"<div id=\"af-wrapper\"><div id=\"forum-header\"><div id=\"forum-navigation-mobile\"><a><span class=\"fas fa-bars\"><\/span>Men\u00fa<\/a><\/div><span class=\"screen-reader-text\">Forum Navigation<\/span><div id=\"forum-navigation\"><a class=\"home-link\" href=\"https:\/\/www.espai-marx.net\/academia\/index.php\/forum\" target=\"_self\">Foro<\/a><a class=\"activity-link\" href=\"https:\/\/www.espai-marx.net\/academia\/index.php\/forum\/activity\/\" target=\"_self\">Actividad<\/a><a class=\"login-link\" href=\"https:\/\/www.espai-marx.net\/academia\/wp-login.php?redirect_to=https%3A%2F%2Fwww.espai-marx.net%2Facademia%2Findex.php%2Fwp-json%2Fwp%2Fv2%2Fpages%2F186\" target=\"_self\">Accede<\/a><a class=\"register-link\" href=\"https:\/\/www.espai-marx.net\/academia\/wp-login.php?action=register\" target=\"_self\">Reg\u00edstrate<\/a><\/div><div id=\"forum-search\"><span class=\"search-icon fas fa-search\"><\/span><form method=\"get\" action=\"https:\/\/www.espai-marx.net\/academia\/index.php\/forum\/search\/\"><input name=\"keywords\" type=\"search\" placeholder=\"Buscar ...\" value=\"\"><\/form><\/div><div class=\"clear\"><\/div><\/div><div id=\"forum-breadcrumbs\" itemscope itemtype=\"http:\/\/schema.org\/BreadcrumbList\"><span class=\"screen-reader-text\">Forum breadcrumbs - You are here:<\/span><span class=\"breadcrumb-icon fas fa-home\"><\/span><span itemprop=\"itemListElement\" itemscope itemtype=\"https:\/\/schema.org\/ListItem\"><a itemprop=\"item\" href=\"https:\/\/www.espai-marx.net\/academia\/index.php\/forum\" title=\"Foro\"><span itemprop=\"name\">Foro<\/span><\/a><meta itemprop=\"position\" content=\"1\"><\/span><span class=\"breadcrumb-icon fas fa-chevron-right separator\"><\/span><\/div><h1 class=\"main-title main-title-\">Foro<\/h1><div class=\"title-element\" id=\"forum-category-84\">Seminario El Luk\u00e1cs tard\u00edo<span class=\"last-post-headline\">\u00daltima publicaci\u00f3n<\/span><\/div><div class=\"content-container\"><div class=\"content-element forum\" id=\"forum-7\"><div class=\"forum-status unread\"><i class=\"fas fa-comments\"><\/i><\/div><div class=\"forum-name\"><a class=\"forum-title\" href=\"https:\/\/www.espai-marx.net\/academia\/index.php\/forum\/forum\/presentacion-general\/\">Presentaci\u00f3n general<\/a><small class=\"forum-description\">Foro para la discusi\u00f3n general sobre el seminario dedicado a las obras del Luk\u00e1cs tard\u00edo.<\/small><small class=\"forum-stats\">1 debate&nbsp;&middot;&nbsp;10 publicaciones<\/small><small class=\"forum-lastpost-small\">\u00daltima entrada:&nbsp;<a href=\"https:\/\/www.espai-marx.net\/academia\/index.php\/forum\/topic\/eleccion-de-los-textos-a-discutir\/#postid-43\">Elecci\u00f3n de los textos a discutir<\/a>&nbsp;&middot;&nbsp;<a href=\"https:\/\/www.espai-marx.net\/academia\/index.php\/forum\/topic\/eleccion-de-los-textos-a-discutir\/#postid-43\">hace 1 a\u00f1o<\/a>&nbsp;&middot;&nbsp;<a class=\"profile-link highlight-admin\" href=\"#\">Carlos Valmaseda<\/a><\/small><\/div><div class=\"forum-poster\"><div class=\"forum-poster-avatar\"><img alt='' src='https:\/\/secure.gravatar.com\/avatar\/a1d16d135a3c477a39609b66eb48b0cfcd828f1f8d2dce3ce4c1c5e3490f9085?s=40&#038;d=mm&#038;r=g' srcset='https:\/\/secure.gravatar.com\/avatar\/a1d16d135a3c477a39609b66eb48b0cfcd828f1f8d2dce3ce4c1c5e3490f9085?s=80&#038;d=mm&#038;r=g 2x' class='avatar avatar-40 photo' height='40' width='40' \/><\/div><div class=\"forum-poster-summary\"><a href=\"https:\/\/www.espai-marx.net\/academia\/index.php\/forum\/topic\/eleccion-de-los-textos-a-discutir\/#postid-43\">Elecci\u00f3n de los textos a  &#8230;<\/a><br><small><a href=\"https:\/\/www.espai-marx.net\/academia\/index.php\/forum\/topic\/eleccion-de-los-textos-a-discutir\/#postid-43\">hace 1 a\u00f1o<\/a><span>&nbsp;&middot;&nbsp;<\/span><a class=\"profile-link highlight-admin\" href=\"#\">Carlos Valmaseda<\/a><\/small><\/div><\/div><\/div><div class=\"content-element forum\" id=\"forum-8\"><div class=\"forum-status unread\"><i class=\"fas fa-comments\"><\/i><\/div><div class=\"forum-name\"><a class=\"forum-title\" href=\"https:\/\/www.espai-marx.net\/academia\/index.php\/forum\/forum\/1a-sesion\/\">1\u00aa Sesi\u00f3n<\/a><small class=\"forum-description\">Debates surgidos a posteriori tras el debate de la 1\u00aa sesi\u00f3n<\/small><small class=\"forum-stats\">1 debate&nbsp;&middot;&nbsp;6 publicaciones<\/small><small class=\"forum-lastpost-small\">\u00daltima entrada:&nbsp;<a href=\"https:\/\/www.espai-marx.net\/academia\/index.php\/forum\/topic\/cita-de-gramsci\/#postid-33\">Cita de Gramsci<\/a>&nbsp;&middot;&nbsp;<a href=\"https:\/\/www.espai-marx.net\/academia\/index.php\/forum\/topic\/cita-de-gramsci\/#postid-33\">hace 1 a\u00f1o<\/a>&nbsp;&middot;&nbsp;<a class=\"profile-link highlight-admin\" href=\"#\">Carlos Valmaseda<\/a><\/small><\/div><div class=\"forum-poster\"><div class=\"forum-poster-avatar\"><img alt='' src='https:\/\/secure.gravatar.com\/avatar\/a1d16d135a3c477a39609b66eb48b0cfcd828f1f8d2dce3ce4c1c5e3490f9085?s=40&#038;d=mm&#038;r=g' srcset='https:\/\/secure.gravatar.com\/avatar\/a1d16d135a3c477a39609b66eb48b0cfcd828f1f8d2dce3ce4c1c5e3490f9085?s=80&#038;d=mm&#038;r=g 2x' class='avatar avatar-40 photo' height='40' width='40' \/><\/div><div class=\"forum-poster-summary\"><a href=\"https:\/\/www.espai-marx.net\/academia\/index.php\/forum\/topic\/cita-de-gramsci\/#postid-33\">Cita de Gramsci<\/a><br><small><a href=\"https:\/\/www.espai-marx.net\/academia\/index.php\/forum\/topic\/cita-de-gramsci\/#postid-33\">hace 1 a\u00f1o<\/a><span>&nbsp;&middot;&nbsp;<\/span><a class=\"profile-link highlight-admin\" href=\"#\">Carlos Valmaseda<\/a><\/small><\/div><\/div><\/div><div class=\"content-element forum\" id=\"forum-9\"><div class=\"forum-status read\"><i class=\"fas fa-comments\"><\/i><\/div><div class=\"forum-name\"><a class=\"forum-title\" href=\"https:\/\/www.espai-marx.net\/academia\/index.php\/forum\/forum\/2a-sesion\/\">2\u00aa sesi\u00f3n<\/a><small class=\"forum-description\">Debates surgidos a posteriori tras el debate de la 2\u00aa sesi\u00f3n<\/small><small class=\"forum-stats\">0 debates&nbsp;&middot;&nbsp;0 publicaciones<\/small><small class=\"forum-lastpost-small\"><small class=\"no-topics\">\u00a1Sin temas todav\u00eda!<\/small><\/small><\/div><div class=\"forum-poster\"><small class=\"no-topics\">\u00a1Sin temas todav\u00eda!<\/small><\/div><\/div><\/div><div id=\"read-unread\"><span class=\"indicator unread\"><\/span><span class=\"indicator-label\">Nuevas publicaciones<\/span><span class=\"indicator read\"><\/span><span class=\"indicator-label\">Nada nuevo<\/span><span class=\"indicator-label\"><span class=\"fas fa-check\"><\/span><a href=\"https:\/\/www.espai-marx.net\/academia\/index.php\/forum\/markallread\/?_wpnonce=2e03c63d57\">Marcar todo como le\u00eddo<\/a><\/span><span class=\"indicator-label\"><span class=\"fas fa-history\"><\/span><a href=\"https:\/\/www.espai-marx.net\/academia\/index.php\/forum\/unread\/\">Mostrar los debates sin leer<\/a><\/span><div class=\"clear\"><\/div><\/div><div id=\"statistics\"><div class=\"title-element title-element-dark\"><span class=\"title-element-icon fas fa-chart-pie\"><\/span>Estad\u00edsticas<\/div><div id=\"statistics-body\"><div id=\"statistics-elements\"><div class=\"statistics-element\"><div class=\"element-number\"><span class=\"statistics-element-icon far fa-comments\"><\/span>2<\/div><div class=\"element-name\">Debates<\/div><\/div><div class=\"statistics-element\"><div class=\"element-number\"><span class=\"statistics-element-icon far fa-comment\"><\/span>16<\/div><div class=\"element-name\">Publicaciones<\/div><\/div><div class=\"statistics-element\"><div class=\"element-number\"><span class=\"statistics-element-icon far fa-eye\"><\/span>783<\/div><div class=\"element-name\">Vistas<\/div><\/div><div class=\"statistics-element\"><div class=\"element-number\"><span class=\"statistics-element-icon far fa-user\"><\/span>32<\/div><div class=\"element-name\">Usuarios<\/div><\/div><div class=\"statistics-element\"><div class=\"element-number\"><span class=\"statistics-element-icon far fa-lightbulb\"><\/span>0<\/div><div class=\"element-name\">Conectados<\/div><\/div><\/div><div id=\"statistics-online-users\"><span class=\"online-users-icon fas fa-user\"><\/span>\u00daltimo miembro:&nbsp;<i><a class=\"profile-link highlight-default\" href=\"#\">Enrique Santamar\u00eda<\/a><\/i>&nbsp;&middot;&nbsp;<span class=\"online-users-icon fas fa-users\"><\/span><i>Actualmente nadie est\u00e1 en l\u00ednea.<\/i><\/div><\/div><div class=\"clear\"><\/div><\/div><div id=\"bottom-navigation\"><\/div><div class=\"clear\"><\/div><\/div>\n","protected":false},"excerpt":{"rendered":"","protected":false},"author":7,"featured_media":0,"parent":0,"menu_order":0,"comment_status":"closed","ping_status":"closed","template":"","meta":{"footnotes":""},"class_list":["post-186","page","type-page","status-publish","hentry"],"_links":{"self":[{"href":"https:\/\/www.espai-marx.net\/academia\/index.php\/wp-json\/wp\/v2\/pages\/186","targetHints":{"allow":["GET"]}}],"collection":[{"href":"https:\/\/www.espai-marx.net\/academia\/index.php\/wp-json\/wp\/v2\/pages"}],"about":[{"href":"https:\/\/www.espai-marx.net\/academia\/index.php\/wp-json\/wp\/v2\/types\/page"}],"author":[{"embeddable":true,"href":"https:\/\/www.espai-marx.net\/academia\/index.php\/wp-json\/wp\/v2\/users\/7"}],"replies":[{"embeddable":true,"href":"https:\/\/www.espai-marx.net\/academia\/index.php\/wp-json\/wp\/v2\/comments?post=186"}],"version-history":[{"count":2,"href":"https:\/\/www.espai-marx.net\/academia\/index.php\/wp-json\/wp\/v2\/pages\/186\/revisions"}],"predecessor-version":[{"id":349,"href":"https:\/\/www.espai-marx.net\/academia\/index.php\/wp-json\/wp\/v2\/pages\/186\/revisions\/349"}],"wp:attachment":[{"href":"https:\/\/www.espai-marx.net\/academia\/index.php\/wp-json\/wp\/v2\/media?parent=186"}],"curies":[{"name":"wp","href":"https:\/\/api.w.org\/{rel}","templated":true}]}}